
Let h(s) = -s**3 - 7*s**2 + 12*s + 14. Calculate h(-8).
-18
Let i(p) = 2*p**3 - 4*p**2 + 3*p - 1. Calculate i(3).
26
Let h(c) = 10*c**2 - 71*c - 12. What is h(7)?
-19
Let m(g) = -g**2 + 11*g + 12. Give m(9).
30
Let i(o) = -4*o**2 + 7*o - 12. Calculate i(4).
-48
Let y(c) = 42*c + 85. Calculate y(-2).
1
Let r(t) = -4*t**2 - t + 2. Determine r(3).
-37
Let a(q) = -9*q**2 + 4*q. Calculate a(1).
-5
Let j(d) = 4*d**2 + d. Determine j(-1).
3
Let n(j) = -j**3 + 7*j**2. Determine n(7).
0
Let q(p) = p + 2. What is q(2)?
4
Let d(y) = 2*y**3 + 3*y**2 + 2*y + 2. Give d(-2).
-6
Let r(k) = k**2 + 19*k + 54. What is r(-14)?
-16
Let l(m) = -13*m**3 - 1. What is l(2)?
-105
Let v(l) = 7*l + 28. What is v(-4)?
0
Let f(q) = -q**3 + 3*q**2 + 18*q - 4. Give f(0).
-4
Let o(b) = 8*b**2 + 3*b. What is o(-2)?
26
Let z(w) = -w**2 + 21*w - 71. What is z(15)?
19
Let s(a) = -2*a + 19. What is s(10)?
-1
Let k(j) = 19*j + 5. Calculate k(3).
62
Let k(t) = t**2 - 3*t + 2. What is k(3)?
2
Let w(q) = 41*q**2 + 5*q - 6. What is w(2)?
168
Let m(n) = -n**2 + n + 3. What is m(0)?
3
Let a(c) = c**3 + 11*c**2 - 4. What is a(-11)?
-4
Let r(t) = -t**2 + 19*t + 2. What is r(19)?
2
Let i(y) = 2*y**2 - 40*y + 9. What is i(20)?
9
Let j(h) = -3*h - 5. Give j(-6).
13
Let o(w) = w + 11. Calculate o(-8).
3
Let f(y) = -27*y - 89. Give f(-8).
127
Let q(v) = 2*v**3 - 5*v - 1. What is q(-2)?
-7
Let y(w) = -30*w + 23. Give y(1).
-7
Let n(a) = -a**2 - a + 207. Give n(14).
-3
Let x(g) = -g**2 + 29*g - 144. What is x(7)?
10
Let z(v) = v**2 + 15*v - 2. Calculate z(-14).
-16
Let w(z) = 59*z + 27. Calculate w(-1).
-32
Let w(m) = -25*m - 148. Give w(-6).
2
Let z(p) = -5*p**3 - 5*p - 3. Determine z(-2).
47
Let u(x) = -17*x - 4. Calculate u(-5).
81
Let c(r) = r**3 + 7*r**2 + 3*r - 2. Give c(-6).
16
Let l(b) = -6*b**2 - 1. Calculate l(-1).
-7
Let m(r) = -2*r + 2. Give m(-7).
16
Let i(v) = -5*v + 69. What is i(12)?
9
Let b(v) = -v**3 + 8*v**2 - 4*v - 7. Give b(8).
-39
Let u(t) = -t**2 + 2*t - 34. Give u(0).
-34
Let b(m) = -6*m - 9. What is b(0)?
-9
Let v(h) = -21*h + 30. Give v(5).
-75
Let j(c) = -5*c**3 - 4*c**2 - c + 2. Determine j(-2).
28
Let v(o) = -o**2 + 4*o + 49. Calculate v(-6).
-11
Let h(d) = -d**2 + 5*d + 10. What is h(6)?
4
Let j(s) = s**2 + 14*s + 28. What is j(-12)?
4
Let a(u) = -18*u + 1. What is a(1)?
-17
Let l(s) = 2*s + 3. Give l(7).
17
Let u(k) = 32*k - 396. Determine u(12).
-12
Let i(u) = -2*u + 3. What is i(-7)?
17
Let z(u) = -u**3 + 12*u**2 + 12*u + 8. What is z(13)?
-5
Let o(y) = y**2 - 8*y - 1. What is o(4)?
-17
Let l(a) = a**2 - 2*a + 8. What is l(8)?
56
Let t(u) = 17*u + 1. Give t(1).
18
Let w(z) = -2*z**2 + 15*z - 18. Give w(8).
-26
Let q(t) = -2*t**2 + 24*t + 12. Determine q(12).
12
Let g(p) = p**3 + 6*p**2 - 10*p + 1. Calculate g(-7).
22
Let o(n) = 56*n**2 - 2*n + 1. Calculate o(1).
55
Let a(l) = 2*l**3 + 7*l**2 + 5*l - 1. Determine a(-4).
-37
Let z(s) = 2*s - 125. Calculate z(21).
-83
Let u(i) = -9*i**2 - 3*i + 4. Calculate u(1).
-8
Let w(h) = -2*h**3 + 1. Determine w(1).
-1
Let w(f) = -f**2 - 11*f + 59. Give w(-14).
17
Let n(b) = -b**3 + 2*b**2 + 32*b - 54. Give n(6).
-6
Let s(l) = 21*l - 220. What is s(10)?
-10
Let i(x) = x**2 - 8*x - 9. What is i(7)?
-16
Let g(m) = -m**2 - 10*m - 15. Calculate g(-9).
-6
Let v(a) = -a**3 - 6*a**2 - 15*a - 8. What is v(-4)?
20
Let p(k) = -10*k - 3. Determine p(0).
-3
Let d(g) = -g**3 + 13*g**2 + 29*g + 15. Give d(15).
0
Let s(f) = -11*f + 13. Determine s(2).
-9
Let i(q) = -2*q + 4. What is i(0)?
4
Let q(y) = -2*y**2 - 2*y - 3. Give q(-5).
-43
Let b(u) = 2*u + 104. Determine b(-43).
18
Let l(g) = 2*g**3 + 22*g**2 - 6*g - 4. Determine l(-11).
62
Let j(g) = g**3 + 5*g**2 + 2*g - 3. What is j(-5)?
-13
Let u(k) = k**3 - 12*k**2 + 26*k + 11. Calculate u(9).
2
Let g(q) = -q + 3. Calculate g(5).
-2
Let r(o) = -o + 1. Determine r(3).
-2
Let q(c) = -c**3 - 23*c**2 - 23*c + 14. Determine q(-22).
36
Let y(w) = w**3 - 7*w**2 - 5*w + 41. Determine y(7).
6
Let c(x) = x**3 + x**2 - 3*x + 4. Give c(3).
31
Let d(m) = m**2 - 9*m + 5. What is d(9)?
5
Let j(p) = -33*p - 3. What is j(-7)?
228
Let j(i) = i**3 - i**2 + 5*i - 17. What is j(3)?
16
Let f(i) = -14*i**2 + 4*i - 5. What is f(1)?
-15
Let v(a) = -47*a + 150. Give v(3).
9
Let b(p) = -p**3 - 3*p**2 + 9*p - 4. What is b(-5)?
1
Let l(b) = b**2 + 15*b - 22. What is l(-13)?
-48
Let n(b) = -b**2 - 2*b + 4. Calculate n(-3).
1
Let m(x) = 16*x - 104. Give m(8).
24
Let c(b) = 18*b + 81. Give c(-5).
-9
Let q(y) = y + 10. Give q(-6).
4
Let i(s) = 37*s**2 + 2*s - 2. Calculate i(1).
37
Let x(n) = -n**3 - 8*n**2 - n - 10. Determine x(-8).
-2
Let s(w) = -3*w - 49. Determine s(-16).
-1
Let w(h) = 3*h - 32. Give w(11).
1
Let h(y) = -3*y + 27. Calculate h(7).
6
Let r(z) = z**3 - 2*z**2 - 3*z - 9. Determine r(4).
11
Let n(m) = -m**3 - 10*m**2 + 17*m + 24. What is n(-11)?
-42
Let b(m) = m**2 - m - 10. Determine b(-7).
46
Let m(c) = -c**3 - 6*c**2 - 8*c + 4. Determine m(-6).
52
Let b(n) = -7*n**2 - 17*n + 1. What is b(-3)?
-11
Let a(f) = -4*f + 2. Determine a(1).
-2
Let t(q) = -q**3 - 7*q**2 + 8*q - 3. Give t(-8).
-3
Let y(h) = h**3 - 11*h**2 + 13*h - 13. Calculate y(9).
-58
Let v(w) = -w**3 - 15*w**2 + w + 15. What is v(-15)?
0
Let n(v) = 32*v - 359. What is n(11)?
-7
Let a(x) = x**3 - 4*x**2 - 4*x - 6. Calculate a(5).
-1
Let n(j) = -101*j - 814. What is n(-8)?
-6
Let q(f) = 9*f + 12. What is q(-2)?
-6
Let n(k) = 2*k**2 + 56*k + 54. Calculate n(-27).
0
Let y(z) = 2*z**2 - 40*z + 38. Determine y(19).
0
Let d(o) = -2*o**2 - 32*o - 84. What is d(-13)?
-6
Let t(w) = -13*w**2 - w + 1. Determine t(2).
-53
Let c(f) = -2*f**2 - 9*f. Give c(-5).
-5
Let m(v) = -v**2 + 7*v - 9. Calculate m(4).
3
Let z(y) = -y + 34. Give z(-6).
40
Let d(m) = m**3 - 3*m**2 - 20*m + 5. Calculate d(6).
-7
Let j(l) = -27*l + 2. What is j(1)?
-25
Let h(m) = m**2 - 16*m + 34. Give h(14).
6
Let u(m) = -91*m**3 - 2*m**2 - 3*m. Determine u(-1).
92
Let i(b) = -2*b**2 + 24. Calculate i(0).
24
Let p(c) = -5*c - 10. Calculate p(-4).
10
Let v(b) = b**3 + 4*b**2 - 8*b - 4. What is v(-5)?
11
Let t(q) = -11*q - 82. Determine t(-8).
6
Let w(r) = -r**2 + 11*r - 33. Calculate w(8).
-9
Let o(r) = -r**3 - 7*r**2 + r. What is o(-7)?
-7
Let b(w) = 2*w + 16. Calculate b(11).
38
Let i(v) = -v**3 + 7*v**2 + 9*v - 9. Determine i(8).
-1
Let k(q) = -3*q**2 + 9*q + 21. Give k(5).
-9
Let s(z) = -3*z**2 + 10*z + 6. Determine s(5).
-19
Let p(s) = -s**3 + 7*s**2 - 6*s + 5. What is p(6)?
5
Let x(j) = -j**3 + 11*j**2 - 11*j + 7. Calculate x(10).
-3
Let u(j) = j**3 + 16*j**2 - 41*j - 89. Determine u(-18).
1
Let a(x) = -x**2 + x + 1. Give a(3).
-5
Let h(x) = x**3 + 4*x**2 - x - 2. What is h(-4)?
2
Let o(i) = -6*i + 14. What is o(2)?
2
Let k(q) = q**2 - 11*q - 20. Determine k(14).
22
Let i(r) = 5*r + 8. Give i(-5).
-17
Let o(d) = -5*d**2 - 3*d + 2. Give o(-4).
-66
Let h(k) = k**3 + 8*k**2 - 10*k + 1. What is h(-9)?
10
Let r(v) = v**3 - 5*v**2 + 7*v - 8. Calculate r(4).
4
Let s(i) = 13*i - 135. Calculate s(10).
-5
Let r(z) = 5*z**2 + 2*z + 2. Give r(-5).
117
Let k(i) = i**3 - 30*i**2 - 4. What is k(30)?
-4
Let z(g) = g**2 - 3*g - 2. Calculate z(7).
26
Let n(i) = i**3 - 6*i**2 + 2. Calculate n(6).
2
Let k(c) = -c**2 + 8*c - 11. What is k(6)?
1
Let k(x) = -x + 14. Determine k(12).
2
Let d(s) = -s**2 - 35. What is d(0)?
-35
Let q(r) = 3*r**3 + 3*r**2 - 1. What is q(-2)?
-13
Let t(q) = -15*q + 95. Calculate t(6).
5
Let a(c) = c**3 - 4*c**2 + 10*c - 3. Determine a(4).
37
Let d(u) = 2*u**2 + 29*u + 162. Give d(-9).
63
Let k(j) = j - 11. What is k(16)?
5
Let m(z) = 2*z**2 - 62. Calculate m(7).
36
Let j(t) = t**2 - 13*t - 5. Determine j(6).
-47
Let n(r) = r**2 - 12. What is n(-5)?
13
Let f(s) = -s**3 + 7*s**2 - 8*s + 9. Calculate f(6).
-3
Let z(g) = -4*g + 10. Determine z(-2).
18
Let c(f) = -2*f - 12. What is c(8)?
-28
Let h(d) = -d - 3. What is h(-3)?
0
Let y(i) = -i**3 - i - 1. Determine y(-2).
9
Let z(l) = l**3 - 27*l**2 + 25*l + 27. What is z(26)?
1
Let x(p) = -3*p + 143. Determine x(28).
59
Let u(y) = y**2 + 20*y + 26. What is u(-18)?
-10
Let t(x) = -x - 6. What is t(11)?
-17
Let s(m) = m - 29. What is s(-16)?
-45
Let j(d) = -d**3 - 6*d**2 - 2*d + 4. Give j(-5).
-11
Let o(m) = 4*m + 24. Give o(-5).
4
Let h(z) = 5*z + 8. What is h(-3)?
-7
Let k(f) = 2*f**2 + 3*f + 1. Give k(-6).
55
Let q(s) = -s + 1. W